{"id":49,"date":"2017-02-16T10:53:10","date_gmt":"2017-02-16T10:53:10","guid":{"rendered":"https:\/\/demo.pfz.pt\/empresa\/?page_id=49"},"modified":"2025-11-24T17:11:27","modified_gmt":"2025-11-24T17:11:27","slug":"contactos","status":"publish","type":"page","link":"https:\/\/www.faustinus.pt\/?page_id=49","title":{"rendered":"Contactos"},"content":{"rendered":"<p>[et_pb_section fb_built=&#8221;1&#8243; fullwidth=&#8221;on&#8221; theme_builder_area=&#8221;post_content&#8221; _builder_version=&#8221;4.27.4&#8243; _module_preset=&#8221;default&#8221;][et_pb_fullwidth_image src=&#8221;https:\/\/www.faustinus.pt\/novo\/wp-content\/uploads\/2025\/11\/Mapa-1.jpg&#8221; _builder_version=&#8221;4.27.4&#8243; _module_preset=&#8221;default&#8221; theme_builder_area=&#8221;post_content&#8221; url_new_window=&#8221;on&#8221; url=&#8221;https:\/\/maps.app.goo.gl\/f2Sk6tt1gHAfehU99&#8243; hover_enabled=&#8221;0&#8243; sticky_enabled=&#8221;0&#8243;][\/et_pb_fullwidth_image][\/et_pb_section][et_pb_section fb_built=&#8221;1&#8243; admin_label=&#8221;section&#8221; _builder_version=&#8221;4.16&#8243; transparent_background=&#8221;off&#8221; global_colors_info=&#8221;{}&#8221;][et_pb_row column_structure=&#8221;1_2,1_2&#8243; _builder_version=&#8221;4.18.0&#8243; _module_preset=&#8221;default&#8221; global_colors_info=&#8221;{}&#8221;][et_pb_column type=&#8221;1_2&#8243; _builder_version=&#8221;4.18.0&#8243; _module_preset=&#8221;default&#8221; global_colors_info=&#8221;{}&#8221;][et_pb_slider _builder_version=&#8221;4.18.0&#8243; _module_preset=&#8221;default&#8221; custom_margin=&#8221;||||false|false&#8221; custom_padding=&#8221;||200px||false|false&#8221; auto=&#8221;on&#8221; auto_speed=&#8221;3000&#8243; auto_ignore_hover=&#8221;on&#8221; global_colors_info=&#8221;{}&#8221;][et_pb_slide _builder_version=&#8221;4.18.0&#8243; _module_preset=&#8221;default&#8221; background_color=&#8221;#FFFFFF&#8221; background_enable_color=&#8221;on&#8221; background_image=&#8221;https:\/\/www.faustinus.pt\/novo\/wp-content\/uploads\/2023\/01\/gl7.jpg&#8221; background_enable_image=&#8221;on&#8221; global_colors_info=&#8221;{}&#8221; sticky_transition=&#8221;on&#8221;][\/et_pb_slide][et_pb_slide _builder_version=&#8221;4.18.0&#8243; _module_preset=&#8221;default&#8221; background_color=&#8221;#FFFFFF&#8221; background_enable_color=&#8221;on&#8221; background_image=&#8221;https:\/\/www.faustinus.pt\/novo\/wp-content\/uploads\/2023\/01\/gl1.jpg&#8221; background_enable_image=&#8221;on&#8221; global_colors_info=&#8221;{}&#8221; sticky_transition=&#8221;on&#8221;][\/et_pb_slide][et_pb_slide _builder_version=&#8221;4.18.0&#8243; _module_preset=&#8221;default&#8221; background_color=&#8221;#FFFFFF&#8221; background_enable_color=&#8221;on&#8221; background_image=&#8221;https:\/\/www.faustinus.pt\/novo\/wp-content\/uploads\/2023\/01\/gl3.jpg&#8221; background_enable_image=&#8221;on&#8221; global_colors_info=&#8221;{}&#8221; sticky_transition=&#8221;on&#8221;][\/et_pb_slide][et_pb_slide _builder_version=&#8221;4.18.0&#8243; _module_preset=&#8221;default&#8221; background_color=&#8221;#FFFFFF&#8221; background_enable_color=&#8221;on&#8221; background_image=&#8221;https:\/\/www.faustinus.pt\/novo\/wp-content\/uploads\/2023\/01\/gl4.jpg&#8221; background_enable_image=&#8221;on&#8221; global_colors_info=&#8221;{}&#8221; sticky_transition=&#8221;on&#8221;][\/et_pb_slide][et_pb_slide _builder_version=&#8221;4.18.0&#8243; _module_preset=&#8221;default&#8221; background_color=&#8221;#FFFFFF&#8221; background_enable_color=&#8221;on&#8221; background_image=&#8221;https:\/\/www.faustinus.pt\/novo\/wp-content\/uploads\/2023\/01\/gl6.jpg&#8221; background_enable_image=&#8221;on&#8221; global_colors_info=&#8221;{}&#8221; sticky_transition=&#8221;on&#8221;][\/et_pb_slide][\/et_pb_slider][et_pb_text _builder_version=&#8221;4.18.0&#8243; _module_preset=&#8221;default&#8221; global_colors_info=&#8221;{}&#8221;]<\/p>\n<h4><strong>Loja Guia<\/strong><\/h4>\n<p><i class=\"fas fa-map-marker-alt\"><\/i> <a href=\"https:\/\/goo.gl\/maps\/vVte38UFQ8oUD6CY7\" target=\"_blank\" rel=\"noopener\">Av. N\u00aa Sr\u00aa da Guia, 84<br \/>\n3105-089 Guia<\/a><\/p>\n<p><strong>Atendimento apenas por Marca\u00e7\u00e3o<\/strong><br \/>\n<i class=\"fas fa-phone-volume\"><\/i><a href=\"tel:236951631\"> 236 951 631<\/a><br \/>\n<span style=\"font-size: 9px;\"> (Chamada para a rede fixa nacional)<\/span><br \/>\n<i class=\"fas fa-mobile\"><\/i><a href=\"tel:964420196\"> 964 420 196<\/a><br \/>\n<span style=\"font-size: 9px;\"> (Chamada para a rede m\u00f3vel nacional)<\/span><\/p>\n<p><i class=\"fas fa-envelope\"><\/i> infopticafaustinus@gmail.com[\/et_pb_text][\/et_pb_column][et_pb_column type=&#8221;1_2&#8243; _builder_version=&#8221;4.18.0&#8243; _module_preset=&#8221;default&#8221; global_colors_info=&#8221;{}&#8221;][et_pb_slider _builder_version=&#8221;4.18.0&#8243; _module_preset=&#8221;default&#8221; custom_margin=&#8221;||||false|false&#8221; custom_padding=&#8221;||200px||false|false&#8221; auto=&#8221;on&#8221; auto_speed=&#8221;3000&#8243; auto_ignore_hover=&#8221;on&#8221; global_colors_info=&#8221;{}&#8221;][et_pb_slide _builder_version=&#8221;4.18.0&#8243; _module_preset=&#8221;default&#8221; background_color=&#8221;#FFFFFF&#8221; background_enable_color=&#8221;on&#8221; background_image=&#8221;https:\/\/www.faustinus.pt\/novo\/wp-content\/uploads\/2023\/01\/gl11.jpg&#8221; background_enable_image=&#8221;on&#8221; global_colors_info=&#8221;{}&#8221; sticky_transition=&#8221;on&#8221;][\/et_pb_slide][et_pb_slide _builder_version=&#8221;4.18.0&#8243; _module_preset=&#8221;default&#8221; background_color=&#8221;#FFFFFF&#8221; background_enable_color=&#8221;on&#8221; background_image=&#8221;https:\/\/www.faustinus.pt\/novo\/wp-content\/uploads\/2023\/01\/gl10.jpg&#8221; background_enable_image=&#8221;on&#8221; global_colors_info=&#8221;{}&#8221; sticky_transition=&#8221;on&#8221;][\/et_pb_slide][et_pb_slide _builder_version=&#8221;4.18.0&#8243; _module_preset=&#8221;default&#8221; background_color=&#8221;#FFFFFF&#8221; background_enable_color=&#8221;on&#8221; background_image=&#8221;https:\/\/www.faustinus.pt\/novo\/wp-content\/uploads\/2023\/01\/gl9.jpg&#8221; background_enable_image=&#8221;on&#8221; global_colors_info=&#8221;{}&#8221; sticky_transition=&#8221;on&#8221;][\/et_pb_slide][et_pb_slide _builder_version=&#8221;4.18.0&#8243; _module_preset=&#8221;default&#8221; background_color=&#8221;#FFFFFF&#8221; background_enable_color=&#8221;on&#8221; background_image=&#8221;https:\/\/www.faustinus.pt\/novo\/wp-content\/uploads\/2023\/01\/gl8.jpg&#8221; background_enable_image=&#8221;on&#8221; global_colors_info=&#8221;{}&#8221; sticky_transition=&#8221;on&#8221;][\/et_pb_slide][\/et_pb_slider][et_pb_text _builder_version=&#8221;4.18.0&#8243; _module_preset=&#8221;default&#8221; global_colors_info=&#8221;{}&#8221;]<\/p>\n<h4><strong>Loja Monte Redondo<\/strong><\/h4>\n<p><i class=\"fas fa-map-marker-alt\"><\/i> <a href=\"https:\/\/goo.gl\/maps\/c9PA5gVWBdVaH1pJ7\" target=\"_blank\" rel=\"noopener\">Rua da Bajouca, 1B<br \/>2425-617 Monte Redondo<\/a><\/p>\n<p><strong>Atendimento apenas por Marca\u00e7\u00e3o<\/strong><br \/><i class=\"fas fa-phone-volume\"><\/i><a href=\"tel:244039184\"> 244 039 184<\/a><br \/><span style=\"font-size: 9px;\"> (Chamada para a rede fixa nacional)<\/span><br \/><i class=\"fas fa-mobile\"><\/i><a href=\"tel:930442544\"> 930 442 544<\/a><br \/><span style=\"font-size: 9px;\"> (Chamada para a rede m\u00f3vel nacional)<\/span><\/p>\n<p>[\/et_pb_text][\/et_pb_column][\/et_pb_row][et_pb_row column_structure=&#8221;1_2,1_2&#8243; _builder_version=&#8221;4.18.0&#8243; _module_preset=&#8221;default&#8221; global_colors_info=&#8221;{}&#8221;][et_pb_column type=&#8221;1_2&#8243; _builder_version=&#8221;4.18.0&#8243; _module_preset=&#8221;default&#8221; global_colors_info=&#8221;{}&#8221;][et_pb_slider _builder_version=&#8221;4.18.0&#8243; _module_preset=&#8221;default&#8221; custom_margin=&#8221;||||false|false&#8221; custom_padding=&#8221;||200px||false|false&#8221; auto=&#8221;on&#8221; auto_speed=&#8221;3000&#8243; auto_ignore_hover=&#8221;on&#8221; global_colors_info=&#8221;{}&#8221;][et_pb_slide _builder_version=&#8221;4.18.0&#8243; _module_preset=&#8221;default&#8221; background_color=&#8221;#FFFFFF&#8221; background_enable_color=&#8221;on&#8221; background_image=&#8221;https:\/\/www.faustinus.pt\/novo\/wp-content\/uploads\/2023\/01\/gl12.jpg&#8221; background_enable_image=&#8221;on&#8221; global_colors_info=&#8221;{}&#8221; sticky_transition=&#8221;on&#8221;][\/et_pb_slide][\/et_pb_slider][et_pb_text _builder_version=&#8221;4.18.0&#8243; _module_preset=&#8221;default&#8221; global_colors_info=&#8221;{}&#8221;]<\/p>\n<h4><strong>Loja Vieira<\/strong><\/h4>\n<p><i class=\"fas fa-map-marker-alt\"><\/i> <a href=\"https:\/\/goo.gl\/maps\/WcoKVGHvWiNDSKjCA\" target=\"_blank\" rel=\"noopener\">Rua Pires de Campos 80<\/a><br \/><a href=\"https:\/\/goo.gl\/maps\/WcoKVGHvWiNDSKjCA\" target=\"_blank\" rel=\"noopener\">2430-786 Vieira de Leiria<\/a><\/p>\n<p><strong>Atendimento apenas por Marca\u00e7\u00e3o<\/strong><br \/><i class=\"fas fa-phone-volume\"><\/i><a href=\"tel:244 039 184\"> 244 039 184<\/a><br \/><span style=\"font-size: 9px;\"> (Chamada para a rede fixa nacional)<\/span><br \/><i class=\"fas fa-mobile\"><\/i><a href=\"tel:964 420 196\"> 964 420 196<\/a><br \/><span style=\"font-size: 9px;\"> (Chamada para a rede m\u00f3vel nacional)<\/span><\/p>\n<p>[\/et_pb_text][\/et_pb_column][et_pb_column type=&#8221;1_2&#8243; _builder_version=&#8221;4.18.0&#8243; _module_preset=&#8221;default&#8221; global_colors_info=&#8221;{}&#8221;][et_pb_slider _builder_version=&#8221;4.18.0&#8243; _module_preset=&#8221;default&#8221; custom_margin=&#8221;||||false|false&#8221; custom_padding=&#8221;||200px||false|false&#8221; auto=&#8221;on&#8221; auto_speed=&#8221;3000&#8243; auto_ignore_hover=&#8221;on&#8221; global_colors_info=&#8221;{}&#8221;][et_pb_slide _builder_version=&#8221;4.18.0&#8243; _module_preset=&#8221;default&#8221; background_color=&#8221;#FFFFFF&#8221; background_enable_color=&#8221;on&#8221; background_image=&#8221;https:\/\/www.faustinus.pt\/novo\/wp-content\/uploads\/2023\/05\/PFz_20230508_200044_AK4B0029-scaled.jpg&#8221; background_enable_image=&#8221;on&#8221; global_colors_info=&#8221;{}&#8221; sticky_transition=&#8221;on&#8221;][\/et_pb_slide][et_pb_slide _builder_version=&#8221;4.18.0&#8243; _module_preset=&#8221;default&#8221; background_color=&#8221;#FFFFFF&#8221; background_enable_color=&#8221;on&#8221; background_image=&#8221;https:\/\/www.faustinus.pt\/novo\/wp-content\/uploads\/2023\/05\/PFz_20230508_201932_AK4B0057-scaled.jpg&#8221; background_enable_image=&#8221;on&#8221; global_colors_info=&#8221;{}&#8221; sticky_transition=&#8221;on&#8221;][\/et_pb_slide][et_pb_slide _builder_version=&#8221;4.18.0&#8243; _module_preset=&#8221;default&#8221; background_color=&#8221;#FFFFFF&#8221; background_enable_color=&#8221;on&#8221; background_image=&#8221;https:\/\/www.faustinus.pt\/novo\/wp-content\/uploads\/2023\/05\/PFz_20230508_201731_AK4B0040-scaled.jpg&#8221; background_enable_image=&#8221;on&#8221; global_colors_info=&#8221;{}&#8221; sticky_transition=&#8221;on&#8221;][\/et_pb_slide][et_pb_slide _builder_version=&#8221;4.18.0&#8243; _module_preset=&#8221;default&#8221; background_color=&#8221;#FFFFFF&#8221; background_enable_color=&#8221;on&#8221; background_image=&#8221;https:\/\/www.faustinus.pt\/novo\/wp-content\/uploads\/2023\/05\/PFz_20230508_202012_AK4B0061-scaled.jpg&#8221; background_enable_image=&#8221;on&#8221; global_colors_info=&#8221;{}&#8221; sticky_transition=&#8221;on&#8221;][\/et_pb_slide][\/et_pb_slider][et_pb_text _builder_version=&#8221;4.18.0&#8243; _module_preset=&#8221;default&#8221; global_colors_info=&#8221;{}&#8221;]<\/p>\n<h4><strong>Loja Pai\u00e3o<\/strong><\/h4>\n<p><i class=\"fas fa-map-marker-alt\"><\/i> <a href=\"https:\/\/goo.gl\/maps\/ydV1bvpH9oA2c5Z77\" target=\"_blank\" rel=\"noopener\">Rua Dr. Adelino Mesquita, 16<\/a><br \/>\n<a href=\"https:\/\/goo.gl\/maps\/ydV1bvpH9oA2c5Z77\" target=\"_blank\" rel=\"noopener\">3090-495 Pai\u00e3o<\/a><\/p>\n<p><strong>Atendimento apenas por Marca\u00e7\u00e3o<\/strong><br \/>\n<i class=\"fas fa-phone-volume\"><\/i><a href=\"tel:233098036\"> 233 098 036<\/a><br \/>\n<span style=\"font-size: 9px;\"> (Chamada para a rede fixa nacional)<\/span><br \/>\n<i class=\"fas fa-mobile\"><\/i><a href=\"tel:910844791\"> 910 844 791<\/a><br \/>\n<span style=\"font-size: 9px;\"> (Chamada para a rede m\u00f3vel nacional)<\/span>[\/et_pb_text][\/et_pb_column][\/et_pb_row][\/et_pb_section][et_pb_section fb_built=&#8221;1&#8243; _builder_version=&#8221;4.18.0&#8243; _module_preset=&#8221;default&#8221; custom_padding=&#8221;0px|||||&#8221; locked=&#8221;off&#8221; global_colors_info=&#8221;{}&#8221;][et_pb_row _builder_version=&#8221;4.18.0&#8243; _module_preset=&#8221;default&#8221; max_width=&#8221;1400px&#8221; global_colors_info=&#8221;{}&#8221;][et_pb_column type=&#8221;4_4&#8243; _builder_version=&#8221;4.18.0&#8243; _module_preset=&#8221;default&#8221; global_colors_info=&#8221;{}&#8221;][et_pb_cta title=&#8221;Atendimento por marca\u00e7\u00e3o!&#8221; _builder_version=&#8221;4.21.0&#8243; _module_preset=&#8221;default&#8221; global_colors_info=&#8221;{}&#8221;]<span style=\"font-size: large;\"><strong>Agende o seu atendimento com anteced\u00eancia, quer seja para consulta ou qualquer outro assunto. <\/strong><\/span><\/p>\n<p><span style=\"font-size: large;\"><strong>Privilegiamos o contacto telef\u00f3nico: 964 420 196<\/strong><\/span><span style=\"font-size: 10px;\"> (Chamada para a rede m\u00f3vel nacional)<\/span>[\/et_pb_cta][\/et_pb_column][\/et_pb_row][\/et_pb_section]<\/p>\n","protected":false},"excerpt":{"rendered":"<p>Loja Guia Av. N\u00aa Sr\u00aa da Guia, 84 3105-089 Guia Atendimento apenas por Marca\u00e7\u00e3o 236 951 631 (Chamada para a rede fixa nacional) 964 420 196 (Chamada para a rede m\u00f3vel nacional) infopticafaustinus@gmail.comLoja Monte Redondo Rua da Bajouca, 1B2425-617 Monte Redondo Atendimento apenas por Marca\u00e7\u00e3o 244 039 184 (Chamada para a rede fixa nacional) 930 [&hellip;]<\/p>\n","protected":false},"author":1,"featured_media":0,"parent":0,"menu_order":0,"comment_status":"closed","ping_status":"closed","template":"","meta":{"_et_pb_use_builder":"on","_et_pb_old_content":"","_et_gb_content_width":"","footnotes":""},"class_list":["post-49","page","type-page","status-publish","hentry"],"_links":{"self":[{"href":"https:\/\/www.faustinus.pt\/index.php?rest_route=\/wp\/v2\/pages\/49","targetHints":{"allow":["GET"]}}],"collection":[{"href":"https:\/\/www.faustinus.pt\/index.php?rest_route=\/wp\/v2\/pages"}],"about":[{"href":"https:\/\/www.faustinus.pt\/index.php?rest_route=\/wp\/v2\/types\/page"}],"author":[{"embeddable":true,"href":"https:\/\/www.faustinus.pt\/index.php?rest_route=\/wp\/v2\/users\/1"}],"replies":[{"embeddable":true,"href":"https:\/\/www.faustinus.pt\/index.php?rest_route=%2Fwp%2Fv2%2Fcomments&post=49"}],"version-history":[{"count":46,"href":"https:\/\/www.faustinus.pt\/index.php?rest_route=\/wp\/v2\/pages\/49\/revisions"}],"predecessor-version":[{"id":1014,"href":"https:\/\/www.faustinus.pt\/index.php?rest_route=\/wp\/v2\/pages\/49\/revisions\/1014"}],"wp:attachment":[{"href":"https:\/\/www.faustinus.pt\/index.php?rest_route=%2Fwp%2Fv2%2Fmedia&parent=49"}],"curies":[{"name":"wp","href":"https:\/\/api.w.org\/{rel}","templated":true}]}}