{"id":73,"date":"2017-02-16T11:05:21","date_gmt":"2017-02-16T11:05:21","guid":{"rendered":"https:\/\/demo.pfz.pt\/empresa\/?page_id=73"},"modified":"2023-05-09T11:34:08","modified_gmt":"2023-05-09T11:34:08","slug":"empresa","status":"publish","type":"page","link":"https:\/\/www.faustinus.pt\/?page_id=73","title":{"rendered":"Empresa"},"content":{"rendered":"<p>[et_pb_section fb_built=&#8221;1&#8243; fullwidth=&#8221;on&#8221; _builder_version=&#8221;4.16&#8243; locked=&#8221;off&#8221; global_colors_info=&#8221;{}&#8221;][et_pb_fullwidth_header title=&#8221;Empresa&#8221; subhead=&#8221;Quem Somos&#8221; _builder_version=&#8221;4.18.0&#8243; background_color=&#8221;#ffffff&#8221; background_image=&#8221;https:\/\/www.faustinus.pt\/novo\/wp-content\/uploads\/2023\/01\/sl4.jpg&#8221; custom_padding=&#8221;||151px|||&#8221; global_colors_info=&#8221;{}&#8221;][\/et_pb_fullwidth_header][\/et_pb_section][et_pb_section fb_built=&#8221;1&#8243; admin_label=&#8221;Header&#8221; _builder_version=&#8221;4.16&#8243; background_color=&#8221;#f2f4fb&#8221; overflow-x=&#8221;hidden&#8221; overflow-y=&#8221;hidden&#8221; locked=&#8221;off&#8221; global_colors_info=&#8221;{}&#8221;][et_pb_row column_structure=&#8221;3_5,2_5&#8243; _builder_version=&#8221;4.18.0&#8243; _module_preset=&#8221;default&#8221; global_colors_info=&#8221;{}&#8221;][et_pb_column type=&#8221;3_5&#8243; _builder_version=&#8221;4.18.0&#8243; _module_preset=&#8221;default&#8221; global_colors_info=&#8221;{}&#8221;][et_pb_text _builder_version=&#8221;4.18.0&#8243; _module_preset=&#8221;default&#8221; global_colors_info=&#8221;{}&#8221;]<\/p>\n<h1 style=\"text-align: justify;\"><strong>\u00d3ptica Faustinus<\/strong><\/h1>\n<p>[\/et_pb_text][et_pb_text _builder_version=&#8221;4.18.0&#8243; _module_preset=&#8221;default&#8221; global_colors_info=&#8221;{}&#8221;]<\/p>\n<p style=\"text-align: justify;\">A \u00d3ptica Faustinus nasceu em Janeiro de 2011, no seguimento da \u00d3ptica Faustino presente no mercado desde 1996. Surgiu com uma imagem actual, moderna e sofisticada. Apresenta novos servi\u00e7os de <strong>Optometria<\/strong>, <strong>Contactologia<\/strong> e <strong>Terapia Visual<\/strong>, bem como a oferta das marcas de maior renome no mercado.<\/p>\n<p style=\"text-align: justify;\">Sob Ger\u00eancia de Pedro Faustino, a \u00d3ptica Faustinus valoriza a qualidade acima de tudo, com <strong>os melhores pre\u00e7os do mercado<\/strong>, com a simpatia e confian\u00e7a que sempre a caracterizou. \u00c9 neste contexto que surge a nova loja online.<\/p>\n<p style=\"text-align: justify;\">Com uma <strong>imagem moderna<\/strong>, a plataforma possibilita o acesso facilitado \u00e0 informa\u00e7\u00e3o detalhada sobre toda a gama de produtos da \u00d3ptica Faustinus, e a compra dos mesmo a nivel nacional e internacional.<\/p>\n<p>[\/et_pb_text][\/et_pb_column][et_pb_column type=&#8221;2_5&#8243; _builder_version=&#8221;4.18.0&#8243; _module_preset=&#8221;default&#8221; global_colors_info=&#8221;{}&#8221;][et_pb_image src=&#8221;https:\/\/www.faustinus.pt\/novo\/wp-content\/uploads\/2023\/01\/img2.jpg&#8221; _builder_version=&#8221;4.18.0&#8243; _module_preset=&#8221;default&#8221; global_colors_info=&#8221;{}&#8221;][\/et_pb_image][\/et_pb_column][\/et_pb_row][et_pb_row _builder_version=&#8221;4.18.0&#8243; _module_preset=&#8221;default&#8221; global_colors_info=&#8221;{}&#8221;][et_pb_column type=&#8221;4_4&#8243; _builder_version=&#8221;4.18.0&#8243; _module_preset=&#8221;default&#8221; global_colors_info=&#8221;{}&#8221;][et_pb_gallery gallery_ids=&#8221;793,795,797,798,799,910,800,801,802,834,836,792,794,908,911,915,985,986,987,988&#8243; posts_number=&#8221;50&#8243; zoom_icon_color=&#8221;#392783&#8243; hover_icon=&#8221;&#x59;||divi||400&#8243; _builder_version=&#8221;4.18.0&#8243; _module_preset=&#8221;default&#8221; hover_enabled=&#8221;0&#8243; global_colors_info=&#8221;{}&#8221; sticky_enabled=&#8221;0&#8243;][\/et_pb_gallery][\/et_pb_column][\/et_pb_row][\/et_pb_section]<\/p>\n","protected":false},"excerpt":{"rendered":"<p>\u00d3ptica FaustinusA \u00d3ptica Faustinus nasceu em Janeiro de 2011, no seguimento da \u00d3ptica Faustino presente no mercado desde 1996. Surgiu com uma imagem actual, moderna e sofisticada. Apresenta novos servi\u00e7os de Optometria, Contactologia e Terapia Visual, bem como a oferta das marcas de maior renome no mercado. Sob Ger\u00eancia de Pedro Faustino, a \u00d3ptica Faustinus [&hellip;]<\/p>\n","protected":false},"author":1,"featured_media":0,"parent":0,"menu_order":0,"comment_status":"closed","ping_status":"closed","template":"","meta":{"_et_pb_use_builder":"on","_et_pb_old_content":"","_et_gb_content_width":"","footnotes":""},"class_list":["post-73","page","type-page","status-publish","hentry"],"_links":{"self":[{"href":"https:\/\/www.faustinus.pt\/index.php?rest_route=\/wp\/v2\/pages\/73","targetHints":{"allow":["GET"]}}],"collection":[{"href":"https:\/\/www.faustinus.pt\/index.php?rest_route=\/wp\/v2\/pages"}],"about":[{"href":"https:\/\/www.faustinus.pt\/index.php?rest_route=\/wp\/v2\/types\/page"}],"author":[{"embeddable":true,"href":"https:\/\/www.faustinus.pt\/index.php?rest_route=\/wp\/v2\/users\/1"}],"replies":[{"embeddable":true,"href":"https:\/\/www.faustinus.pt\/index.php?rest_route=%2Fwp%2Fv2%2Fcomments&post=73"}],"version-history":[{"count":46,"href":"https:\/\/www.faustinus.pt\/index.php?rest_route=\/wp\/v2\/pages\/73\/revisions"}],"predecessor-version":[{"id":989,"href":"https:\/\/www.faustinus.pt\/index.php?rest_route=\/wp\/v2\/pages\/73\/revisions\/989"}],"wp:attachment":[{"href":"https:\/\/www.faustinus.pt\/index.php?rest_route=%2Fwp%2Fv2%2Fmedia&parent=73"}],"curies":[{"name":"wp","href":"https:\/\/api.w.org\/{rel}","templated":true}]}}